183
What are the prime factors of 1282218307?
1433, 894779
What are the prime factors of 43934206?
2, 41, 535783
List the prime factors of 82546747.
17, 23, 67, 137
What are the prime factors of 1933920482?
2, 13, 74381557
What are the prime factors of 671177632?
2, 37, 61, 9293
List the prime factors of 34154173.
17, 2009069
List the prime factors of 38045049.
3, 7, 19, 97, 983
What are the prime factors of 425647924?
2, 13, 8185537
List the prime factors of 894548079.
3, 5231, 19001
List the prime factors of 464938155.
3, 5, 11, 31, 41, 739
List the prime factors of 5315940.
2, 3, 5, 7, 4219
List the prime factors of 1147319641.
13, 31, 91837
What are the prime factors of 582401197?
7, 83200171
What are the prime factors of 2975339239?
2975339239
What are the prime factors of 5597986814?
2, 7, 17, 67, 351059
List the prime factors of 1581685866.
2, 3, 9763493
What are the prime factors of 11342679?
3, 3780893
List the prime factors of 5189475448.
2, 61, 10634171
What are the prime factors of 35374537?
11, 113, 149, 191
What are the prime factors of 8659430815?
5, 7, 247412309
What are the prime factors of 306268114?
2, 41, 91097
List the prime factors of 1017015234.
2, 3, 47, 3606437
What are the prime factors of 1336056887?
11, 121459717
List the prime factors of 765488997.
3, 7, 13, 83, 11261
List the prime factors of 2125013446.
2, 61, 17418143
List the prime factors of 40527323.
19, 31, 83, 829
List the prime factors of 162481101.
3, 54160367
List the prime factors of 95260569.
3, 691, 45953
What are the prime factors of 9067799?
13, 697523
List the prime factors of 1381781562.
2, 3, 7, 32899561
List the prime factors of 183038376.
2, 3, 7626599
List the prime factors of 83291798.
2, 347, 120017
What are the prime factors of 2242406846?
2, 29, 73, 529619
What are the prime factors of 727251815?
5, 109, 1334407
What are the prime factors of 1842733922?
2, 1543, 597127
What are the prime factors of 49846928?
2, 67, 46499
What are the prime factors of 396838074?
2, 3, 73, 906023
List the prime factors of 9531702.
2, 3, 199, 887
What are the prime factors of 1116101154?
2, 3, 7, 19, 1398623
What are the prime factors of 35911777?
11, 41, 79627
What are the prime factors of 144511349?
144511349
What are the prime factors of 771250546?
2, 11, 19, 277, 6661
What are the prime factors of 13667195?
5, 83, 32933
List the prime factors of 172334354.
2, 23, 3746399
List the prime factors of 1026578761.
13, 78967597
What are the prime factors of 100946593?
11, 29, 71, 4457
List the prime factors of 58845437.
7, 29, 227, 1277
What are the prime factors of 301773742?
2, 43, 3508997
What are the prime factors of 523696546?
2, 261848273
List the prime factors of 36820516.
2, 23, 17401
What are the prime factors of 733873941?
3, 81541549
List the prime factors of 208322410.
2, 5, 211, 98731
What are the prime factors of 113353283?
2633, 43051
What are the prime factors of 109171654?
2, 17, 821, 3911
What are the prime factors of 331759128?
2, 3, 1097, 12601
List the prime factors of 243341964.
2, 3, 6759499
What are the prime factors of 831037474?
2, 1601, 259537
List the prime factors of 271581735.
3, 5, 797, 22717
What are the prime factors of 46205183?
23, 47, 42743
List the prime factors of 29827471.
29827471
List the prime factors of 90430618.
2, 23, 1965883
What are the prime factors of 113191687?
7, 16170241
List the prime factors of 806797727.
89, 9065143
List the prime factors of 1003215458.
2, 7, 17, 4215191
What are the prime factors of 90726502?
2, 45363251
What are the prime factors of 706062779?
706062779
List the prime factors of 4979487004.
2, 47, 1901, 13933
List the prime factors of 409452458.
2, 229, 587, 1523
What are the prime factors of 592388201?
592388201
What are the prime factors of 493362031?
71, 79, 87959
List the prime factors of 487235505.
3, 5, 131, 247957
What are the prime factors of 468432279?
3, 7, 2549, 2917
What are the prime factors of 247982212?
2, 2693, 23021
List the prime factors of 369825600.
2, 3, 5, 77047
What are the prime factors of 324295935?
3, 5, 37, 443, 1319
What are the prime factors of 233522930?
2, 5, 23352293
What are the prime factors of 59511709?
59511709
What are the prime factors of 73887209?
11, 1499, 4481
What are the prime factors of 1702052741?
8059, 211199
What are the prime factors of 3259838942?
2, 34457, 47303
What are the prime factors of 87297529?
11, 7936139
What are the prime factors of 174995646?
2, 3, 7, 4166563
List the prime factors of 1096551682.
2, 548275841
List the prime factors of 201285908.
2, 50321477
What are the prime factors of 153505412?
2, 38376353
List the prime factors of 2254225256.
2, 53, 5316569
What are the prime factors of 764116020?
2, 3, 5, 43, 269, 367
What are the prime factors of 145050531?
3, 137, 139, 2539
What are the prime factors of 52325255?
5, 79, 132469
What are the prime factors of 25066788?
2, 3, 29, 72031
List the prime factors of 34678867.
29, 79, 15137
List the prime factors of 1495671072.
2, 3, 7, 2225701
List the prime factors of 9002200196.
2, 11, 17, 37, 325271
List the prime factors of 600248577.
3, 200082859
List the prime factors of 31043849.
53, 585733
List the prime factors of 132251916.
2, 3, 307, 35899
List the prime factors of 24260321.
19, 31, 41189
List the prime factors of 5250974095.
5, 163, 397, 16229
List the prime factors of 237869899.
17, 67, 97, 2153
What are the prime factors of 1437074683?
11, 761, 171673
List the prime factors of 43676841.
3, 13, 83, 103, 131
List the prime factors of 14131781.
14131781
What are the prime factors of 528183761?
7, 17, 89, 49871
List the prime factors of 685803010.
2, 5, 2687, 25523
List the prime factors of 229482386.
2, 7, 1483, 1579
List the prime factors of 97415832.
2, 3, 1069, 3797
List the prime factors of 617799029.
41, 109, 138241
List the prime factors of 1119433149.
3, 103, 402529
List the prime factors of 73082260.
2, 5, 67, 54539
What are the prime factors of 56110831?
7, 167, 6857
List the prime factors of 48229971.
3, 751, 21407
What are the prime factors of 71956819?
11, 19, 344291
List the prime factors of 14802846.
2, 3, 23, 67, 1601
What are the prime factors of 199726740?
2, 3, 5, 37, 29989
List the prime factors of 634478818.
2, 19, 16696811
What are the prime factors of 1128655289?
37, 1031, 29587
List the prime factors of 1881730243.
131, 14364353
List the prime factors of 1157892831.
3, 17, 29, 163, 1601
What are the prime factors of 674312059?
2657, 253787
What are the prime factors of 170865553?
12281, 13913
List the prime factors of 3418869609.
3, 17, 709, 31517
What are the prime factors of 1570686626?
2, 785343313
List the prime factors of 479240316.
2, 3, 13312231
List the prime factors of 449734776.
2, 3, 151, 193, 643
List the prime factors of 105985886.
2, 23, 97, 23753
List the prime factors of 238132112.
2, 127, 117191
What are the prime factors of 1504633216?
2, 29, 405343
What are the prime factors of 60639377?
29, 617, 3389
What are the prime factors of 12096499?
2243, 5393
What are the prime factors of 10907841?
3, 7, 74203
List the prime factors of 624965181.
3, 1867, 111581
What are the prime factors of 167224973?
23, 61, 119191
What are the prime factors of 715543016?
2, 89442877
What are the prime factors of 6449722639?
31, 67, 3105307
List the prime factors of 190405651.
223, 853837
List the prime factors of 1348793023.
1348793023
What are the prime factors of 137843311?
137843311
What are the prime factors of 626230342?
2, 3467, 90313
What are the prime factors of 6035275?
5, 73, 3307
List the prime factors of 3339719119.
11, 303610829
List the prime factors of 5903721089.
7, 47, 17944441
What are the prime factors of 14821588?
2, 1429, 2593
List the prime factors of 92711062.
2, 46355531
What are the prime factors of 178226279?
7, 11, 330661
List the prime factors of 6745773691.
2029, 3324679
List the prime factors of 16259307.
3, 19, 285251
List the prime factors of 3278106507.
3, 13, 439, 191467
What are the prime factors of 4483130743?
7, 13, 1097, 44909
List the prime factors of 440553556.
2, 503, 218963
What are the prime factors of 688930078?
2, 263, 1309753
List the prime factors of 36971597.
13, 2843969
List the prime factors of 47